 - (-14)/(-49). Suppose 5*o - 5*t - 30 = i, -o - 4*t + 24 = o. What is the highest common factor of 2 and o?
2
Let q(d) = -d**2 - 5*d + 5. Let k be q(-5). Calculate the greatest common divisor of k and 85.
5
Suppose 13*x = 11*x + 72. Calculate the greatest common divisor of 4 and x.
4
Suppose 210 = -0*q + 3*q. What is the highest common factor of q and 14?
14
Let s be -4*189/(-24) + 2/(-4). What is the highest common factor of 31 and s?
31
Let p(f) = 5*f - 10. Let w be p(8). What is the greatest common divisor of w and 90?
30
Suppose 3*a - 177 = -3*b, -5*b = -5*a - 2*b + 271. Let c = 55 - 48. What is the highest common divisor of a and c?
7
Suppose y + i + 683 = 0, 4*y + 2057 + 669 = -2*i. Let a be (y/(-25))/((-1)/(-5)). Let b = 18 + -1. What is the greatest common factor of b and a?
17
Let b = 12 + -8. Suppose -3*j = -2*r + 3*r - 86, r = -b*j + 113. Suppose 4*m - j = m + 3*z, -5*m + 37 = -z. Calculate the highest common factor of 21 and m.
7
Suppose j = -8 + 15. Calculate the greatest common factor of j and 77.
7
Let b(q) = q**2 + 1 + 1 + 2 - 2*q - 5*q. Let z be b(7). Let v be 13 + (-2)/(z/(-2)). Calculate the highest common divisor of v and 154.
14
Suppose 0 = 5*x + 2*w - 23, 3*w + 19 = 3*x - w. Let f = x - -30. Calculate the greatest common divisor of 7 and f.
7
Suppose -2*p = -6*p + 560. Let a be 122 - (-2 + -3 + 2). Suppose 3*z - a = -f, -p = -4*z + 3*f + f. Calculate the highest common factor of z and 16.
8
Let n(f) = -5*f - 2. Let j be n(-2). Calculate the highest common divisor of j and 2.
2
Suppose 14 = -m + 3*m. Let j = 74 - 46. Calculate the highest common factor of m and j.
7
Let q = -7 - -6. Let d(a) = 8*a**2 - 1. Let i be d(q). Let y = -2 + 3. Calculate the highest common divisor of i and y.
1
Suppose 0 = 5*p - 4*j - 100, 0 = -p + 6*p + 3*j - 100. Calculate the highest common divisor of p and 100.
20
Let p = -5 - -24. What is the highest common divisor of p and 19?
19
Let s(n) = n**3 + 7*n**2 - n - 3. Let c be s(-6). Calculate the highest common factor of 13 and c.
13
Suppose -3*k = 3, h = 5*k - 2*k + 31. What is the highest common divisor of h and 70?
14
Let h(k) = 11*k**2 - k - 2. Let l be h(-2). Suppose 0 = b - 3*b + l. Calculate the highest common factor of 110 and b.
22
Suppose -3*q + q = 212. Let l be q/(-8) - 5/20. Let v = -87 + 152. What is the greatest common factor of v and l?
13
Let f(i) = i + 12. Let p be f(-8). Calculate the highest common factor of p and 12.
4
Suppose -6 = p - 0*p. Let r(x) = -4*x - 4. Let g be r(p). Let z = 59 - 54. What is the highest common factor of g and z?
5
Let k = 12 - -30. Suppose h - 4*h = -k. Let j = 764 - 757. Calculate the highest common divisor of j and h.
7
Let s be 10/(-2 - 3) + 17. Calculate the greatest common divisor of s and 105.
15
Let l be (2*2)/((-6)/(-168)). Let a = 26 - 12. Calculate the greatest common factor of l and a.
14
Let z = -21 - -109. Let k(s) = -s**3 + s**2 + 11. Let d be k(0). Calculate the highest common factor of z and d.
11
Let l = -13 - -37. Suppose 0 = -2*r + 3*q + l, -2*r + 5*q - 4 + 24 = 0. Calculate the highest common factor of r and 45.
15
Suppose 3*b = -2*b + 75. Let n = b - 9. Let l be 15 + 2 + -4 + 2. Calculate the highest common factor of l and n.
3
Let p = 4 - 2. Suppose p*k + 3*k = -20. Let w be k*(70/(-8))/5. What is the greatest common factor of 35 and w?
7
Let y be 3/((-12)/(-20) - 0). Suppose -b - 71 = -y*g, 0*g + 5*b = 2*g - 10. What is the highest common divisor of 150 and g?
15
Let b = -15 - -26. Let c = b + -3. Suppose -3*j = -9 - 3. Calculate the greatest common divisor of j and c.
4
Let r be (-7)/28 - 21/(-4). What is the greatest common divisor of r and 1?
1
Suppose 5*i = 180 - 40. Let y = 44 - i. Let g = -94 + 238. Calculate the highest common factor of y and g.
16
Let d be -5 + 0 - -2 - -15. Suppose 3*l - 137 - 25 = -3*t, 0 = 3*t - d. What is the highest common factor of l and 10?
10
Let b be (-5)/(-2) + 2/(-4). Suppose -b*a = 2*o - 6 + 2, -5*o = -5. What is the highest common divisor of a and 3?
1
Let s be -1*(6*-1 - 2). What is the highest common factor of 1 and s?
1
Suppose -3*y = y + 4, 2*g - 2*y - 2 = 0. Suppose 2*f - 42 = -g*f. Calculate the greatest common divisor of f and 147.
21
Let t(h) be the first derivative of -11*h**2/2 + 3*h - 4. Let n be t(-7). What is the greatest common factor of n and 8?
8
Let f = 10 - -5. What is the greatest common divisor of f and 30?
15
Suppose -5*r = -0*r + 25. Let o(g) = -g**3 - 7*g**2 - 6*g + 6. Let v be o(r). Let a = 21 + v. What is the greatest common factor of 28 and a?
7
Let d = -20 + 29. Let p = d + 3. What is the greatest common factor of 60 and p?
12
Suppose 745 = 3*b + 2452. Let h = 811 + b. What is the greatest common factor of h and 22?
22
Suppose -8 = -3*r - 4*d + 12, -2*d - 8 = -3*r. Calculate the highest common factor of 4 and r.
4
Let v = -45 - -62. What is the greatest common factor of 17 and v?
17
Let y be 454/(-4) - 9/(-6). Let h = 9 - y. Calculate the greatest common divisor of 11 and h.
11
Let d(c) = -10*c + 8. Let a(y) = -51*y + 39. Let x(z) = -5*a(z) + 24*d(z). Let m be x(3). What is the greatest common divisor of m and 28?
14
Suppose -14 - 16 = -5*r. Let x be ((-3)/9)/((-4)/180). Calculate the highest common divisor of x and r.
3
Let u be (365/(-6))/(-5) + 4/(-24). Calculate the highest common factor of 48 and u.
12
Suppose -5*a - 6 = 2*d - 218, -2*d = -3*a + 124. Suppose a = 2*s - s. Suppose 25 = 4*j + 1. Calculate the greatest common divisor of j and s.
6
Let i be ((-2)/4)/(1/(-8)). Calculate the greatest common factor of 10 and i.
2
Let b(d) = -d + 1. Let n(x) = -2*x**2 + 4*x. Let y be n(3). Let v be b(y). What is the highest common factor of v and 28?
7
Let s = -3 + 6. Suppose -5*f = -0*f - s*o - 22, f - 3*o = 14. Suppose -3*q + 6*q - 19 = -5*z, -9 = -3*q. What is the greatest common factor of f and z?
2
Let p(u) = -u**3 - 6*u**2 - 4*u + 10. Let v be p(-6). Let m = v + -20. Let f = 119 - 7. What is the highest common factor of f and m?
14
Let y(b) = -b**3 - 9*b**2 + 6*b + 35. Let u be y(-10). Calculate the greatest common divisor of 15 and u.
15
Let f = 204 + -116. What is the greatest common divisor of 22 and f?
22
Let p = 23 - 22. Calculate the greatest common divisor of p and 2.
1
Suppose -72*f + 60 = -68*f. Calculate the highest common factor of f and 20.
5
Let t be (-13 - (-18 + 9))/(1/(-4)). Suppose 3*h = 2*p - 291, -p + 139 = -2*h + 7*h. Calculate the highest common divisor of t and p.
16
Let g(v) = 1. Let j(y) = -2*y**2 - 3*y + 6. Let a(x) = 4*g(x) - j(x). Let t be a(-4). Calculate the highest common factor of 162 and t.
18
Suppose 0 = -3*c, -5*c + 0*c = -4*d. Suppose 5*b = -d*b + 35. What is the greatest common factor of b and 7?
7
Let u(r) = -r**2 - 11*r + 2. Let j be 3/3 - (13 - 2). Let m be u(j). What is the highest common factor of 8 and m?
4
Let n(t) = t**3 + t - 8. Let d be n(0). Let h be ((-26)/d)/((-6)/(-24)). What is the highest common factor of 52 and h?
13
Suppose -t + r = -207, -4*r - 414 = -2*t + r. Suppose -2*y + 3*h = -t, -y + 4*h + 311 = 2*y. Calculate the highest common divisor of y and 15.
15
Suppose 2*m - h + 56 = 4*m, 0 = m - 2*h - 28. Calculate the highest common divisor of m and 308.
28
Suppose -3*h = -4*n + 287, n = 2*n - 2*h - 73. Let d = -50 + n. What is the highest common divisor of d and 14?
7
Let o = 52 - 37. Calculate the highest common factor of o and 105.
15
Let j = 3 + 1. Let y be (2 - 4) + j + 1. Suppose y*l - 75 = -5*m, 0 = -6*m + m - 15. What is the greatest common divisor of l and 45?
15
Let k be 4/(-12) - (-93)/9. Calculate the greatest common factor of 10 and k.
10
Suppose -4 = -4*g + 12. What is the greatest common factor of 1 and g?
1
Let h be (-46)/(-8) + 1/4. Suppose -2*y - 7 = 17. Let u be (-111)/y - (-2)/(-8). What is the highest common factor of u and h?
3
Let p be 235 + (-8 - -4) + -1. Calculate the greatest common factor of p and 23.
23
Let g(a) = 67*a**2 + 1. Let b = 10 - 5. Let d = -4 + b. Let c be g(d). Calculate the greatest common factor of 17 and c.
17
Suppose 4*d + 8*s - 24 = 5*s, 0 = 4*s. Let m(i) = i + 4. Let h be m(-2). Suppose -j + d + h = 0. What is the greatest common factor of j and 20?
4
Suppose -2*n + 1 + 5 = 0. Suppose n*v - 20 = 25. Calculate the highest common divisor of 15 and v.
15
Let t